p and 6.
3
Let n = -25 + 51. What is the highest common factor of 104 and n?
26
Let g be 80/(14/(-18) - -1). Suppose -3*x = 2*x - g. Suppose 21 = p + 3*f, -p - 1 = f - 14. What is the highest common divisor of x and p?
9
Let g be (-90)/(-8) - (-30)/(-24). Calculate the greatest common factor of 90 and g.
10
Let m = 13 + 20. Calculate the greatest common divisor of 22 and m.
11
Let n(q) = q**2. Let a(s) = -6*s + 8. Let g(d) = -a(d) + 2*n(d). Let i be g(-10). Let h = -11 - -23. What is the highest common divisor of h and i?
12
Suppose -25 - 59 = -6*b. What is the greatest common factor of 126 and b?
14
Let k = -12 - -17. Suppose -3*d + 40 = 2*l, 5*d + 2*l - 56 = 4. Suppose -d = -k*h, 2*h + 2 = q - h. What is the highest common divisor of q and 2?
2
Suppose 0 = 4*r - 71 + 19. Let f(g) = 5*g**2 - g + 7. Let l be f(-4). What is the highest common factor of l and r?
13
Let x(t) = -6*t + 4. Let h be x(-4). Let j(z) = -43*z - 1. Let m be j(-1). Calculate the highest common factor of m and h.
14
Let z = -11 + 0. Let u = z - -26. Let x(y) = 12*y**2 - 3*y + 3. Let h be x(2). Calculate the greatest common factor of u and h.
15
Let m = -3 + 3. Suppose m = -4*p - 0*p. Suppose p*z = -3*z + 30. What is the highest common factor of z and 15?
5
Let s(x) = 159*x - 5. Let a be s(5). Suppose 4*m - 5*w = 650, 3*m + 2*m + 5*w = a. What is the highest common factor of m and 20?
20
Let p be (9/(-5))/(3*6/(-90)). Let t = -22 - -85. What is the greatest common factor of t and p?
9
Let j be (-1)/(2 - 2 - 1). Suppose -16 = -4*n - 5*q - j, n - 6 = q. Calculate the greatest common divisor of 5 and n.
5
Let w = -10 - -14. Let o(u) = 2 + 4*u - w + 46*u. Let t be o(2). Calculate the greatest common factor of t and 14.
14
Let c be 2/4 - (-546)/4. Suppose -c + 27 = -5*u. Let d = -16 + u. What is the greatest common factor of 54 and d?
6
Let u = -12 - -70. Calculate the highest common factor of 638 and u.
58
Let b = 18 + -13. Let c = 20 + 17. Suppose 0 = k - c - 3. What is the greatest common divisor of k and b?
5
Let b = -72 + 48. Let x be (-9)/(-6)*b/(-9). What is the highest common factor of x and 4?
4
Suppose 4*j - 4 = -4*x, -2*j + 4*j + 5*x = -13. Suppose -t - 4*m + 74 = 0, 4*t - 2*t - 5*m - 83 = 0. Calculate the greatest common factor of t and j.
6
Suppose 0 = -2*v + 2*p + 24, -v - 4*p + 22 = 2*v. Calculate the highest common factor of 4 and v.
2
Let q = 161 + -113. What is the greatest common divisor of q and 6?
6
Let d be -9 + -2 + (3 - 0). Let f be d/(-44) + (-62)/(-22). Suppose 57 + 63 = 5*k. Calculate the highest common divisor of k and f.
3
Suppose 2*u = -1 + 7. Suppose -14 = -2*m + c, -m + 0*m - u = 2*c. What is the highest common divisor of m and 2?
1
Suppose 0 = 2*a - 4*b - 10, -3*a - b + 18 = -4*b. Suppose 0 = 5*g - 141 + 36. Let i = -14 + g. What is the greatest common factor of i and a?
7
Let s(r) = r**2 + 5*r + 1. Let c be s(-7). Calculate the highest common divisor of c and 75.
15
Let g be (3 + -6)*(-6)/9. Suppose 2*z - 258 = -4*x, -4*x + g*z + 95 + 167 = 0. Calculate the highest common divisor of x and 26.
13
Suppose 5*a + 135 = 3*j + 2*j, 0 = -j + 4*a + 18. Calculate the greatest common factor of 12 and j.
6
Suppose -5*b - 3*q = -38, b + 0*b + 5*q = 12. Suppose 0 = -7*j + 3*j + 112. Calculate the highest common divisor of j and b.
7
Let i(s) = s - 10. Let h be i(9). Let n be -15 + (h - (-1)/1). Let q = n + 22. Calculate the greatest common factor of q and 7.
7
Let x be (-4)/(-10)*(-7 - -12). Suppose c - x*c + 1 = 0. Let w = -3 - -4. What is the highest common factor of w and c?
1
Let s = -103 + 115. Calculate the greatest common factor of s and 36.
12
Let j(v) = -v**2 - 6*v + 6. Let u be j(-6). Let m be (-188)/(-4) - (0 + 1). Let d = -28 + m. Calculate the highest common factor of u and d.
6
Suppose 5*o - 95 - 80 = 0. Let j be ((-6)/(-7))/(5/o). What is the highest common factor of 15 and j?
3
Suppose -3*q - 5*d - 30 = -140, 3*q - 150 = 3*d. Suppose -23 - 29 = 2*f. Let o = 56 + f. Calculate the greatest common divisor of q and o.
15
Suppose -4*t + 221 = 153. What is the highest common factor of 187 and t?
17
Suppose -2*h = -4*l - 0*h + 466, 5*l = 4*h + 581. Suppose -3*f + 44 = 5. Calculate the highest common factor of f and l.
13
Suppose 14 + 10 = 4*x. Let p = -4 + x. Let k be -1 + (2 - -17) + 0. What is the greatest common factor of k and p?
2
Suppose -5*s = -28 - 122. What is the greatest common factor of s and 45?
15
Suppose 0 = 3*r - 3 - 3. Suppose -r*x - 2*x + 144 = 0. What is the greatest common divisor of 90 and x?
18
Let f = 17 + -11. Let q = -2 + f. Let m(k) = 3*k**2 + 6*k + 4. Let c be m(-4). What is the highest common factor of q and c?
4
Suppose 2*z + 2*z - 8 = -s, 2*s + 2*z = -14. Let o be 295/30 + (-2)/s. What is the highest common divisor of 10 and o?
10
Let u(s) = -s**2 + 7*s - 6. Let m be u(4). Suppose 0 = b + b - m. What is the highest common factor of 12 and b?
3
Suppose 37 = 5*s - 23. Calculate the greatest common divisor of s and 12.
12
Let c be 1 + 13 + -1 + 0. Let z(h) = h**2 - 4*h - 23. Let i be z(-10). Calculate the greatest common factor of i and c.
13
Let q(n) = -n**3 + 2*n**2 + 9. Let b be q(0). What is the greatest common divisor of b and 45?
9
Let b(q) be the first derivative of -q**4/4 - 11*q**3/3 - q**2 - 10*q + 3. Let k be b(-11). What is the highest common factor of k and 96?
12
Let a = 14 + -8. Suppose 4*r + 6 = 6*r. What is the greatest common divisor of r and a?
3
Let v(b) = -b**3 - 2*b**2. Let y be v(-2). Suppose y = f + 4*f - 120. Calculate the greatest common factor of f and 3.
3
Suppose 20 = 3*f + 2*t, 44 = 5*f + 4*t + 12. Let a = 18 - 28. Let p = 26 + a. Calculate the greatest common factor of f and p.
8
Let j(k) = -k**3 + 6*k**2 - k - 4. Let l be j(5). What is the highest common divisor of 16 and l?
16
Suppose 7*z - 20 = 2*z. Let m be (0 - -2) + z + 0. What is the greatest common divisor of m and 42?
6
Let p(x) = x**3 - x**2 - 3. Let s be p(0). Let c = -4 + -2. Let r = s - c. What is the highest common factor of 33 and r?
3
Let g be (-1)/(-4) + (-33)/(-12). Let p be (g/3)/(1/14). What is the highest common factor of 42 and p?
14
Suppose 0 = 2*m - 0*m - 22. Let o = 4 - 6. Let v = o - -3. Calculate the greatest common divisor of v and m.
1
Suppose -2*c + 24 = 3*g, 3*g - 8 = 2*g - 3*c. Let w(a) = -a**2 + 10*a - 5. Let u be w(g). What is the highest common factor of 22 and u?
11
Let a = 23 + -12. Let t = 7 - 4. Suppose 2*m = -5*l + 57, -m + 34 = t*l - 0*m. What is the greatest common divisor of a and l?
11
Let m(t) = t**2 - 4*t + 2. Let r be m(6). Suppose 2*z - 26 - r = 0. Calculate the greatest common factor of z and 50.
10
Let h be 3 - (3/(-9))/(2/6). Calculate the highest common factor of h and 2.
2
Suppose -3*x = 3, 13 = 6*b - 2*b - 5*x. Suppose -5*p = b*r - 48 - 22, 4*r + 16 = 3*p. Calculate the greatest common factor of 12 and p.
12
Suppose -6*z = -0*z - 420. Let y = z - -70. Calculate the highest common divisor of y and 56.
28
Suppose 0 = -4*y - 6 + 2. Let v = y - 3. Let q(i) = i + 9. Let x be q(v). What is the greatest common divisor of x and 5?
5
Let y be (4/8*0)/2. Suppose y*b - 81 = -3*b. What is the greatest common divisor of 3 and b?
3
Let q(b) = -b**3 + 8*b**2 - 4*b + 3. Let k be q(5). What is the greatest common factor of 87 and k?
29
Let g = -33 - -44. Calculate the greatest common divisor of 1 and g.
1
Suppose u + 5*c = 22, 0 = u - 0*c - 3*c + 10. Suppose 3*p = u*d + 68, 3*p + 2*d = -d + 63. What is the highest common divisor of p and 11?
11
Let x(u) = -24*u - 8. Let b be x(-5). Calculate the highest common divisor of b and 7.
7
Let l(m) = -m**3 - 7*m**2 + 5*m - 11. Let h be l(-8). What is the highest common divisor of 26 and h?
13
Suppose -h = 5*t - 1579, 0 = 3*t - 0*h + 5*h - 965. What is the greatest common factor of t and 35?
35
Let v(b) = -4*b - 3. Let n be v(-2). Suppose q = -0*y + 3*y - 19, 0 = -4*q + 8. Let a = y - 2. What is the greatest common factor of a and n?
5
Suppose 22 = o + 2. Let g = o - -4. What is the highest common factor of g and 12?
12
Suppose -3*x = -0 - 6. Let b be (1 - -1)*15/x. Calculate the highest common divisor of 15 and b.
15
Let x(i) = i**3 + 5*i**2 + 2*i + 5. Let q be x(-4). Calculate the greatest common divisor of 104 and q.
13
Suppose -2*o = -3*r - 2*r + 55, -3*r 